- 73. Let j = 1080 - 741. What is the tens digit of t/(-44) + j/11?
3
Suppose -3*i - 102 = 2*s, 0*s + s + 141 = -4*i. Let k = 90 + i. What is the units digit of k?
4
Let o be -47 - (12/(-4) + 0). What is the units digit of (34/(-8))/(11/o)?
7
Let m be (-7)/(-2) + (-9)/(-6). Suppose m*c + 682 = 4*p, 5*c + 0 = -10. What is the tens digit of p?
6
Let l(j) = -3*j**2 - 2*j + 2. Let t be l(-7). Let r = t + 196. What is the tens digit of r?
6
Suppose -812 = -11*y + 970. What is the hundreds digit of y?
1
Let o(h) be the second derivative of h**5/20 + h**4/2 - 2*h**3/3 - 7*h**2 - 9*h. Let l be o(-6). Suppose q - l = 5. What is the tens digit of q?
1
Suppose 73*i - 182686 - 83983 = 0. What is the hundreds digit of i?
6
Suppose -4*q + 1 = -3*n - 1, -5*q = 5. What is the tens digit of ((-8)/3)/(n/141) + -3?
8
Let o(u) be the first derivative of -u**2/2 - 11*u + 6. Let a be o(-14). Suppose a*q - 63 = -0. What is the units digit of q?
1
Suppose 2*v = 2*p + 94, -2*p = 4*v + p - 195. Let z = v + 2. What is the tens digit of z?
5
Suppose -t - 44 = -12*t. Suppose -52 + 8 = -t*s. What is the tens digit of s?
1
Let d be 0 - 3 - (-143)/(-1). What is the tens digit of (1 - -1)/(-4)*d?
7
Let t be ((-41)/(-6)*3)/((-1)/(-10)). Let w = 365 - t. What is the units digit of w?
0
Let l(f) = -f**3 + 5*f**2 + 5*f - 1. Let n be (42/70)/((-1)/(-5)). Suppose -n*k - 3 = -2*k, -3*g + 3*k + 24 = 0. What is the units digit of l(g)?
4
Let g be (6 - 3)/((-6)/(-22)). Let s = g - 17. What is the tens digit of (-19)/(s/3 - -1)?
1
Let v(x) = -x**3 - 15*x**2 + 3*x - 10. Let c be v(-15). Let n = c - -242. What is the units digit of n?
7
Let h = -3 - -5. Suppose 3*j = 4*r + 66, -r - 32 = -h*j + 17. What is the tens digit of j?
2
Let q be 6/(-24) + (-98)/(-8). Suppose 3*g + q = n - 35, -4*g - 290 = -5*n. What is the units digit of n?
2
Let f(w) = -w**3 + 7*w**2 + w - 4. Let b be f(7). Suppose -z - b*o + 49 - 1 = 0, 2*z + 2*o = 92. What is the tens digit of z?
4
Let k(r) = r + 1. Let d be k(20). What is the tens digit of 615/d + (-12)/42?
2
What is the hundreds digit of (7 - -1)/16 + 14925/6?
4
What is the tens digit of (-11278)/(-6) - (-36)/27?
8
What is the hundreds digit of (-6 + 6*-63)/(-1)?
3
Suppose 7*l - 16460 + 6268 = 0. What is the thousands digit of l?
1
Suppose 289 = 2*i - 5*w, i + 87 = -w + 242. Suppose 3*b + b = i. Suppose 2*t - b = -8. What is the units digit of t?
5
Let s = -78 + 117. What is the units digit of s?
9
Let h be (-9570)/105 + 2/14. Let m be (h/26)/((-2)/12). Let b = m - 11. What is the units digit of b?
0
Suppose -b - 3*j + 10 + 2 = 0, 0 = -j + 3. Suppose i - 1100 = -b*q - 4*i, 2*q - 745 = -i. What is the tens digit of q/8 + (-2)/(-16)?
4
Suppose 18*v = 22*v - 320. Let z = -23 + v. What is the tens digit of z?
5
What is the tens digit of 17682/(-28)*(-8)/12?
2
Let y be (17 - 13) + (-28)/1. What is the units digit of -1*4/(y/1302)?
7
Let k(g) = g**2 + 12*g + 10. Let f = -41 - -29. Let r be k(f). Let z(a) = a + 8. What is the tens digit of z(r)?
1
Let i be (0/(-1))/(-1 + 3). Suppose 5*u - 107 - 93 = i. Suppose 4*h + 4*g = u, 0*h - h + g = -8. What is the units digit of h?
9
Let i(w) = -16*w**3 + 8*w**2 - 6*w - 27. What is the hundreds digit of i(-3)?
4
Let x(w) = 40*w - 30. What is the hundreds digit of x(15)?
5
Let v(g) = 18*g + 143. What is the tens digit of v(21)?
2
Let t(l) = 7*l**2 + 6*l + 8. Let n be t(-4). Suppose 8*b - 4*b = n. What is the tens digit of b?
2
Suppose 3926 = -35*x + 29021. What is the hundreds digit of x?
7
Suppose 5*q = -12*c + 7*c + 3290, 0 = 3*q - 15. What is the tens digit of c?
5
Suppose 0 = 4*i - 5*s + 9, -2*i + 0*i - 2*s = 0. Let j be (i + 0)/(-1) + 51. What is the tens digit of 6/(-39) - (-840)/j?
1
Suppose -21 = 18*o - 3. Let r(l) = -155*l**3 - 2*l**2 - 3*l - 1. What is the hundreds digit of r(o)?
1
Suppose -4*o = -10*o + 2070. What is the units digit of o?
5
Let r be (3 - 6) + 1*3. Suppose l - 13 = -r*l - 2*i, -3*i = l - 18. What is the units digit of 2/(-2 + l)*5?
0
Suppose -2*o - b + 349 = 0, 6 - 18 = -4*b. What is the units digit of o?
3
What is the hundreds digit of (-10)/((-300)/3222) - (-4)/(-10)?
1
Let c = 90 + -1350. What is the units digit of (-96)/(-20)*(c/8)/(-9)?
4
Suppose 12*j = 11*j + 1321. Suppose 421 + j = 13*f. What is the tens digit of f?
3
Let x(n) = 6*n**2 - n. Let u be x(-1). Let j(a) = 9*a + 4. Let c be j(u). Suppose 7*l - c = 24. What is the tens digit of l?
1
Let q(b) = -216*b + 42. What is the units digit of q(-2)?
4
Let c(w) = 290*w**2 - 14*w - 13. What is the hundreds digit of c(-2)?
1
Suppose -l = -70 - 5. Let y be l/35 + (-1)/7. Suppose -4*a - 3*q = -92, y*a - 22 = -2*q + 26. What is the tens digit of a?
2
Let s(c) = 18*c**2 - 25*c + 105. What is the units digit of s(7)?
2
Suppose 5422*f + 45060 = 5432*f. What is the hundreds digit of f?
5
Let l(k) = 445*k - 119. What is the units digit of l(5)?
6
Suppose -209 = -o + 244. What is the units digit of o?
3
Suppose 2*l = 180 + 124. What is the tens digit of l?
5
What is the tens digit of 66 + 8/72*0?
6
Suppose 3*g = -0*l + 3*l, -2*l + 4*g = 4. Let p(t) be the second derivative of 3*t**4/4 - t**3/3 - t**2/2 + 2*t. What is the tens digit of p(l)?
3
Let v(z) = 5*z**2 - 31*z + 15. What is the units digit of v(12)?
3
Let z be (-1)/(3/126*-1). Let i = -70 + z. What is the units digit of (-174)/(-21) + 8/i?
8
Suppose -159*i = -155*i - 2360. What is the tens digit of i?
9
Let q be (2/6)/(9/81). Let t(p) = -46*p - 21. Let w(n) = 15*n + 7. Let m(i) = q*t(i) + 8*w(i). What is the tens digit of m(-3)?
4
Let r = 8860 - 5874. What is the tens digit of r?
8
Suppose -4*s - 4*a + 184 = -132, 5*s + 3*a = 401. Suppose 2*q + y - s = q, -4*y - 57 = -q. What is the tens digit of q?
7
Let m be 122/(-14) + -3*(-8)/(-84). What is the tens digit of m*3/(-18)*32?
4
Suppose -2*n + 762 = 4*f, -5*n + 388 = 4*f - 389. What is the tens digit of f?
8
Let c(r) = 2*r**2 - r - 4. Let l be c(2). Suppose 5*b - 364 = 4*w + 349, l*w = -4*b + 560. What is the units digit of b?
1
Suppose 3*f + 2041 = -5*l + 15461, 2*f - 3*l - 8934 = 0. What is the hundreds digit of f?
4
Let u be (-2)/(3/(-3 + -3)). Suppose -5*c - w + 18 = w, u*c + 5*w = 11. Suppose -t + c = -5. What is the units digit of t?
9
Let w be (-1)/(-5) + 1136/20. What is the units digit of 282/5 - w/(-95)?
7
Let z = 1845 - 1062. What is the units digit of z?
3
Let h be (-4)/8 + 1/2. Suppose h = -7*w + 911 + 160. What is the tens digit of w?
5
Suppose 0 = 3*i - 7*i. Suppose i = 21*y - 23*y + 86. What is the tens digit of y?
4
Suppose 105*d - 228 = 103*d. Let y be (-6*6/9)/(-2). Suppose y*r - d = -2*l, 3*l = 2*r + 87 + 74. What is the units digit of l?
5
Suppose 4*c + 2*f = 28, 3*f = c + 3*c - 48. Let q = 28 + -12. What is the tens digit of c/(-12) + 492/q?
3
Let g(f) = f - 1. Let l be g(0). Suppose 4*a + 30 = a. What is the units digit of a/((2 - 0)/l)?
5
What is the units digit of 326/((-54)/15 - -4)?
5
Suppose 0 = -46*i + 50*i - 1792. What is the hundreds digit of i?
4
Let l = 1841 - 953. What is the units digit of l?
8
Let n(w) be the first derivative of 1/3*w**3 - 2 + w - 25/4*w**4 + 1/2*w**2. What is the units digit of n(-1)?
6
Let d = -490 - -1256. What is the tens digit of d?
6
Let q(g) = g**3 + 15*g**2 + 14*g + 35. Let s be q(-14). Suppose 4*r = 37 - 13. Suppose c = x - s, 0 = 2*x + r*c - c - 91. What is the units digit of x?
8
Let k = 1 + 4. Suppose 416 = 4*l + 4*b, 3*l - 203 = -k*b + 111. What is the hundreds digit of l?
1
Suppose -3*s - 5*f = 2*s - 425, -5*s = -3*f - 401. What is the tens digit of s?
8
Let v be 301*-1 + 4/1. Let w be (-2)/5 + v/(-55). Suppose -w = -5*k, -2*o - 4*k + 103 = o. What is the units digit of o?
3
Suppose 12*h = 5081 + 11635. What is the units digit of h?
3
Suppose 3*i - 11*i = -6064. What is the hundreds digit of i?
7
Let p(k) = 16*k**3 + 2*k**2 + 4*k - 3. Let y be p(2). Suppose y = 5*b - 169. What is the tens digit of b?
6
Let u(m) = -738*m + 15. What is the units digit of u(-5)?
5
Suppose -1 + 11 = 5*b. Let j be b/8*(-3 + 7). Let m = j + 9. What is the tens digit of m?
1
Let s(m) = -10*m + m + 5 - 8*m - m - m**2. What is the units digit of s(-18)?
5
Let y(p) = p**3 + 3*p**2 + 2. Let w be y(-3). Suppose -43 = -w*v - 199. Let u = v + 142. What is the units digit of u?
4
Let q = 6 + -1. Suppose -y + 4